igit of 178797?
8
What is the millions digit of 38278646?
8
What is the thousands digit of 342385?
2
What is the units digit of 2163852?
2
What is the ten thousands digit of 158263?
5
What is the thousands digit of 325681?
5
What is the ten thousands digit of 552277?
5
What is the thousands digit of 141850?
1
What is the hundreds digit of 903077?
0
What is the hundred thousands digit of 925288?
9
What is the thousands digit of 957430?
7
What is the thousands digit of 6141?
6
What is the millions digit of 6819431?
6
What is the thousands digit of 264078?
4
What is the units digit of 79329?
9
What is the thousands digit of 375521?
5
What is the ten thousands digit of 1166472?
6
What is the hundred thousands digit of 222730?
2
What is the ten thousands digit of 631725?
3
What is the hundreds digit of 81949?
9
What is the ten thousands digit of 31690094?
9
What is the ten thousands digit of 204054?
0
What is the hundreds digit of 430596?
5
What is the ten thousands digit of 14740502?
4
What is the millions digit of 19864239?
9
What is the thousands digit of 21290945?
0
What is the millions digit of 6051888?
6
What is the thousands digit of 13805389?
5
What is the units digit of 5503692?
2
What is the ten thousands digit of 144711?
4
What is the tens digit of 3903907?
0
What is the hundred thousands digit of 3923105?
9
What is the hundreds digit of 346413?
4
What is the thousands digit of 67121?
7
What is the ten thousands digit of 16341631?
4
What is the tens digit of 31713504?
0
What is the units digit of 7684077?
7
What is the hundreds digit of 1239168?
1
What is the tens digit of 15430537?
3
What is the thousands digit of 129831?
9
What is the ten thousands digit of 122638?
2
What is the units digit of 330247?
7
What is the tens digit of 818371?
7
What is the hundred thousands digit of 455351?
4
What is the hundreds digit of 22583288?
2
What is the units digit of 718?
8
What is the thousands digit of 350973?
0
What is the hundreds digit of 7682715?
7
What is the hundreds digit of 854205?
2
What is the ten thousands digit of 1058852?
5
What is the tens digit of 423959?
5
What is the tens digit of 3753047?
4
What is the thousands digit of 119858?
9
What is the hundreds digit of 2772238?
2
What is the hundreds digit of 389013?
0
What is the ten thousands digit of 685184?
8
What is the hundred thousands digit of 2715760?
7
What is the hundred thousands digit of 1775572?
7
What is the units digit of 108774?
4
What is the ten thousands digit of 6043952?
4
What is the tens digit of 396348?
4
What is the ten thousands digit of 238854?
3
What is the thousands digit of 2560844?
0
What is the ten thousands digit of 265748?
6
What is the hundred thousands digit of 9903165?
9
What is the thousands digit of 6518837?
8
What is the thousands digit of 208856?
8
What is the units digit of 1098191?
1
What is the units digit of 629497?
7
What is the units digit of 440592?
2
What is the hundred thousands digit of 1213601?
2
What is the hundreds digit of 153221?
2
What is the units digit of 18136083?
3
What is the ten thousands digit of 9588728?
8
What is the hundreds digit of 265048?
0
What is the ten thousands digit of 9966061?
6
What is the hundred thousands digit of 622674?
6
What is the hundred thousands digit of 25441438?
4
What is the ten thousands digit of 1001167?
0
What is the millions digit of 1430527?
1
What is the units digit of 763175?
5
What is the tens digit of 88147?
4
What is the thousands digit of 305161?
5
What is the thousands digit of 279858?
9
What is the tens digit of 471956?
5
What is the hundreds digit of 34115180?
1
What is the units digit of 604863?
3
What is the millions digit of 8039818?
8
What is the hundreds digit of 13834397?
3
What is the units digit of 9696?
6
What is the units digit of 21898627?
7
What is the hundreds digit of 192182?
1
What is the tens digit of 4143217?
1
What is the ten millions digit of 14652940?
1
What is the millions digit of 15122075?
5
What is the ten thousands digit of 70376?
7
What is the tens digit of 507568?
6
What is the hundred thousands digit of 471350?
4
What is the hundreds digit of 4541647?
6
What is the units digit of 1151086?
6
What is the ten thousands digit of 17836830?
3
What is the tens digit of 5327939?
3
What is the hundred thousands digit of 2447947?
4
What is the tens digit of 624117?
1
What is the hundreds digit of 328323?
3
What is the units digit of 215014?
4
What is the tens digit of 199415?
1
What is the ten thousands digit of 2184132?
8
What is the thousands digit of 780016?
0
What is the units digit of 775242?
2
What is the thousands digit of 318060?
8
What is the tens digit of 626574?
7
What is the units digit of 1325548?
8
What is the hundreds digit of 5172440?
4
What is the tens digit of 1421397?
9
What is the millions digit of 2541739?
2
What is the hundred thousands digit of 3785175?
7
What is the thousands digit of 28570401?
0
What is the thousands digit of 322977?
2
What is the millions digit of 16836288?
6
What is the hundred thousands digit of 7256179?
2
What is the tens digit of 100893?
9
What is the hundreds digit of 36983?
9
What is the thousands digit of 48931?
8
What is the units digit of 112776?
6
What is the ten thousands digit of 29158225?
5
What is the hundreds digit of 372091?
0
What is the units digit of 135854?
4
What is the hundreds digit of 190660?
6
What is the thousands digit of 434855?
4
What is the units digit of 1384422?
2
What is the ten thousands digit of 11476529?
7
What is the ten thousands digit of 205203?
0
What is the hundreds digit of 403233?
2
What is the millions digit of 1489664?
1
What is the ten thousands digit of 34690373?
9
What is the hundred thousands digit of 740622?
7
What is the tens digit of 1201761?
6
What is the tens digit of 29093680?
8
What is the hundred thousands digit of 6931948?
9
What is the ten thousands digit of 285840?
8
What is the hundreds digit of 131906?
9
What is the hundreds digit of 265198?
1
What is the millions digit of 1368920?
1
What is the tens digit of 62309?
0
What is the hundreds digit of 596342?
3
What is the units digit of 3541003?
3
What is the units digit of 32134?
4
What is the hundred thousands digit of 4623607?
6
What is the thousands digit of 10883588?
3
What is the ten thousands digit of 73288?
7
What is the hundred thousands digit of 8950345?
9
What is the tens digit of 1456220?
2
What is the thousands digit of 1653287?
3
What is the hundred thousands digit of 1889521?
8
What is the units digit of 870129?
9
What is the tens digit of 190705?
0
What is the ten thousands digit of 145363?
4
What is the hundred thousands digit of 4643293?
6
What is the units digit of 450329?
9
What is the units digit of 619918?
8
What is the hundred thousands digit of 5063262?
0
What is the millions digit of 2109371?
2
What is the hundred thousands digit of 1188197?
1
What is the tens digit of 1773277?
7
What is the ten thousands digit of 215043?
1
What is the tens digit of 1168?
6
What is the tens digit of 132371?
7
What is the units digit of 474228?
8
What is the thousands digit of 19329371?
9
What is the ten thousands digit of 522053?
2
What is the tens digit of 17048758?
5
What is the hundreds digit of 8547166?
1
What is the thousands digit of 1737007?
7
What is the thousands digit of 3101995?
1
What is the hundred thousands digit of 39265086?
2
What is the ten thousands digit of 565195?
6
What is the units digit of 3110459?
9
What is the ten thousands digit of 571396?
7
What is the tens digit of 471150?
5
What is the thousands digit of 1049000?
9
What is the hundreds digit of 1296?
2
What is the ten thousands digit of 1074441?
7
What is the hundreds digit of 325697?
6
What is the tens digit of 10947038?
3
What is the ten thousands digit of 207826?
0
What is the thousands digit of 195858?
5
What is the hundred thousands digit of 5017185?
0
What is the ten thousands digit of 1312687?
1
What is the tens digit of 10791?
9
What is the millions digit of 5448525?
5
What is the millions digit of 2586388?
2
What is the ten millions digit of 18233476?
1
What is the thousands digit of 80981?
0
What is the ten thousands digit of 219467?
1
What is the millions digit of 5784421?
5
What is the millions digit of 3320918?
3
